2 + 13*k + 6. What is y(-2)?
16
Let s(g) = -g**2 + 18*g - 4. Determine s(8).
76
Let l(u) = 14*u**3 - u**2 - u - 1. What is l(-1)?
-15
Let v(z) = -z**3 - 23*z**2 - 26*z - 51. Calculate v(-22).
37
Let q(n) = -n**3 - 32*n**2 + 3*n + 94. Calculate q(-32).
-2
Let w(b) = -38*b + 41. Determine w(1).
3
Let y(h) = -h**3 - 4*h**2 + 13*h - 10. Determine y(2).
-8
Let h(w) = -2*w + 42. Calculate h(21).
0
Let j(c) = -4*c - 5. Determine j(-7).
23
Let y(i) = i**2 - 6*i + 21. Calculate y(4).
13
Let i(m) = -6*m + 10. Give i(6).
-26
Let g(b) = b + 26. Calculate g(-5).
21
Let j(l) = -l**3 + 43*l**2 - 44*l + 104. Calculate j(42).
20
Let l(r) = -r**3 + 4*r**2 + 10*r - 1. Give l(6).
-13
Let s(b) = 7*b**3 + 2*b**2. What is s(-2)?
-48
Let l(i) = -i - 21. Determine l(-13).
-8
Let z(k) = k**2 - 2*k - 3. Give z(-3).
12
Let d(y) = 65*y**3 - y**2 - 2*y - 2. Determine d(-1).
-66
Let s(r) = r**3 - 21*r**2 - 23*r + 27. Determine s(22).
5
Let i(c) = 2*c**2 + 38*c + 30. Give i(-18).
-6
Let y(q) = 8*q - 27. Determine y(4).
5
Let a(b) = b**3 + 2*b**2 + b + 2. What is a(-2)?
0
Let x(o) = o**2 + 27*o + 28. What is x(-26)?
2
Let l(d) = 3*d - 43. Determine l(10).
-13
Let o(r) = -5*r**3 - 6*r + 6. What is o(1)?
-5
Let x(q) = -56*q - 617. Determine x(-11).
-1
Let l(s) = -3*s + 38. Give l(13).
-1
Let l(t) = -t**2 - 3*t - 3. Determine l(-2).
-1
Let q(r) = 3*r - 28. Give q(12).
8
Let j(f) = -f**2 + 6*f - 3. What is j(3)?
6
Let c(u) = 7*u + 6. Give c(-3).
-15
Let q(n) = n**2 + 16*n - 20. Determine q(-17).
-3
Let v(x) = -x**2 - 13. Give v(-6).
-49
Let k(q) = q + 4. Determine k(0).
4
Let k(s) = 2*s**2 - 16*s + 33. Calculate k(4).
1
Let t(y) = -15*y**2 - 2*y + 2. Calculate t(-2).
-54
Let v(o) = 2*o**2 + o + 9. Give v(3).
30
Let p(g) = g**3 + 3*g**2 + g + 5. What is p(-4)?
-15
Let o(x) = 2*x**2 - 24*x + 6. Calculate o(12).
6
Let f(p) = 5*p**2 - 21*p - 14. Calculate f(7).
84
Let i(r) = -r**3 - 9*r**2 + 2*r + 18. Calculate i(-9).
0
Let l(g) = g - 16. Determine l(4).
-12
Let d(h) = -h + 24. Calculate d(12).
12
Let z(k) = -4*k + 8. What is z(4)?
-8
Let j(v) = 3*v**3 - 19*v**2 - 12*v - 7. Calculate j(7).
7
Let z(g) = -2*g + 6. Calculate z(3).
0
Let n(j) = 2*j**2 + 25*j - 3. What is n(-12)?
-15
Let r(k) = k**2 - 5*k + 7. Determine r(3).
1
Let x(j) = -j**3 + 10*j**2 - j - 14. Give x(10).
-24
Let l(x) = -x**3 - 11*x**2 - 11*x + 8. Determine l(-9).
-55
Let b(k) = 7*k - 359. Give b(49).
-16
Let c(y) = -y**2 - 37*y - 330. Give c(-21).
6
Let u(g) = g**2 - 4*g + 1. Give u(7).
22
Let q(i) = -16*i - 108. Give q(-5).
-28
Let b(p) = -p**2 + 6*p + 6. Determine b(-3).
-21
Let w(f) = f**2 - 11*f - 1. Give w(10).
-11
Let u(a) = 2*a**2 - 9*a + 3. Give u(0).
3
Let b(d) = -2*d**3 + d**2 - 4*d + 13. Give b(2).
-7
Let y(d) = d**2 - 2*d - 45. Determine y(7).
-10
Let h(v) = -v**3 - 9*v**2 + 70*v + 5. Determine h(-14).
5
Let t(j) = 2*j**3 + 6*j - 21. Calculate t(2).
7
Let x(l) = l**3 + 3*l**2 + l. Give x(-2).
2
Let y(v) = -6*v + 61. What is y(15)?
-29
Let n(d) = d**2 - 13*d + 11. What is n(12)?
-1
Let d(i) = -i**3 + 3*i**2 - 5*i + 6. Give d(4).
-30
Let r(z) = z. Calculate r(-5).
-5
Let v(p) = p**3 - 21*p**2 + 39*p - 27. Give v(19).
-8
Let q(g) = -g**3 + 11*g**2 - 11*g + 1. Give q(10).
-9
Let p(x) = x**3 + 33*x**2 - 37*x - 107. Give p(-34).
-5
Let a(h) = h**2 - 4*h - 32. Calculate a(8).
0
Let g(i) = 3*i + 15. Determine g(-7).
-6
Let y(w) = -12*w + 248. Give y(21).
-4
Let t(w) = 9*w**2 - 3*w. What is t(2)?
30
Let i(v) = v**2 + 6*v + 8. Calculate i(-3).
-1
Let u(f) = 19*f - 89. What is u(5)?
6
Let c(p) = 2*p**2 + 5*p - 5. Give c(-5).
20
Let c(t) = -t**3 + 8*t**2 - t + 22. Give c(7).
64
Let h(r) = r + 3. What is h(3)?
6
Let y(b) = b**3 + 9*b**2 + 23*b + 14. Determine y(-5).
-1
Let u(p) = -8*p**2 - p + 1. Give u(1).
-8
Let b(m) = 4*m + 7. Give b(-7).
-21
Let w(v) = v**3 - 8*v**2 - 19*v - 11. Calculate w(10).
-1
Let n(i) = -i + 17. What is n(0)?
17
Let b(a) = -a**3 - a**2 + 13*a + 12. Determine b(-3).
-9
Let d(p) = -3*p**2 - 6*p + 8. Determine d(-3).
-1
Let c(t) = -t**3 + 7*t**2 - 12*t - 5. Give c(5).
-15
Let q(j) = 31*j**3 - j**2 - j + 1. Give q(1).
30
Let u(b) = -b**3 + 2*b**2 + 10*b - 12. Calculate u(4).
-4
Let t(n) = -n**2 - 14*n - 54. Give t(-11).
-21
Let x(f) = 2*f - 9. Give x(9).
9
Let t(g) = g**2 - 15*g + 16. What is t(14)?
2
Let s(d) = -2*d**3 - 134*d**2 - d - 74. Give s(-67).
-7
Let v(b) = -32*b**2 - 9*b + 8. Give v(1).
-33
Let j(t) = t**3 + 20*t**2 - 23*t - 29. Give j(-21).
13
Let k(p) = 9*p - 50. Determine k(7).
13
Let f(p) = -p**2 + 10*p + 10. Determine f(10).
10
Let s(l) = -72*l - 346. Determine s(-5).
14
Let u(c) = 3*c**3 + c**2 + 4*c - 1. Give u(-3).
-85
Let o(u) = u**3 + u + 8. What is o(0)?
8
Let f(r) = r - 9. Give f(7).
-2
Let d(i) = -i**3 + 3*i**2 - 3*i - 11. Calculate d(4).
-39
Let i(w) = -w**3 + 20*w**2 - 34*w - 13. Give i(18).
23
Let s(r) = 5*r**2 - 164*r - 31. Determine s(33).
2
Let q(r) = 8*r + 80. Determine q(-10).
0
Let m(v) = 8*v**2 - 24*v + 1. What is m(3)?
1
Let k(t) = t**2 + 2*t - 9. Determine k(-4).
-1
Let y(s) = -2*s**2 + 8*s + 4. Determine y(-6).
-116
Let z(h) = -h**2 + 6*h + 30. Give z(7).
23
Let r(t) = t**2 + 10*t + 22. What is r(-6)?
-2
Let a(l) = -l**3 - 14*l**2 - 17*l - 9. Determine a(-13).
43
Let v(g) = -36*g**2 - 2*g + 1. What is v(1)?
-37
Let v(t) = -2*t + 10. Determine v(12).
-14
Let j(h) = h**3 - 3*h - 4. What is j(3)?
14
Let c(t) = t + 23. What is c(-16)?
7
Let n(d) = -d**3 - 3*d**2 + 13*d - 6. Calculate n(-5).
-21
Let q(f) = -4*f**3 - 4*f**2 - 3*f + 5. What is q(2)?
-49
Let v(q) = q**2 + 16*q - 45. Calculate v(3).
12
Let m(q) = q**3 + 10*q**2 - 4*q + 6. Calculate m(-10).
46
Let i(g) = -11*g. Give i(1).
-11
Let p(f) = -f**3 - 7*f**2 + 3*f + 9. Give p(-6).
-45
Let b(k) = -k**3 + 18*k**2 - 14*k - 42. What is b(17)?
9
Let r(k) = k**3 - 9*k**2 + 11*k - 28. Determine r(8).
-4
Let i(d) = -d**2 - 14*d - 27. Give i(-11).
6
Let t(a) = 4*a + 108. Give t(-28).
-4
Let c(q) = -2*q**3 - 32*q**2 - q - 12. Give c(-16).
4
Let s(v) = -v + 17. What is s(7)?
10
Let m(y) = y**2 - 11*y + 26. Calculate m(7).
-2
Let t(n) = -n**3 - 4*n**2 + 4*n + 1. Give t(-4).
-15
Let d(p) = -6*p + 1. Determine d(7).
-41
Let r(p) = p**3 + 8*p**2 + 3*p - 9. Give r(-8).
-33
Let n(l) = l**3 - 17*l**2 - 18*l - 26. Calculate n(18).
-26
Let k(d) = -4*d. Calculate k(-3).
12
Let n(g) = -g**2 + 4*g + 13. What is n(6)?
1
Let l(a) = -38*a - 40. What is l(-5)?
150
Let y(x) = -x**3 + 6*x**2 - 2*x - 4. Calculate y(7).
-67
Let g(u) = 3*u**2 - 23*u + 1. Calculate g(10).
71
Let l(a) = -6*a + 179. Give l(30).
-1
Let k(c) = -c**2 - 12*c - 3. Calculate k(-8).
29
Let c(u) = -21*u + 50. Give c(3).
-13
Let i(n) = n**3 + 10*n**2 + 10*n + 2. Calculate i(-9).
-7
Let f(u) = u**3 + 5*u**2 - 15*u - 2. Determine f(-7).
5
Let l(t) = -15*t + 13. Give l(2).
-17
Let a(w) = -6*w**2 - 6*w + 1. What is a(-2)?
-11
Let b(r) = -r**3 + 18*r**2 - 19*r + 41. Calculate b(17).
7
Let j(i) = -i**3 + 15*i**2 - i - 7. What is j(15)?
-22
Let l(a) = 2*a + 1. Give l(-1).
-1
Let k(f) = -17*f + 7. Determine k(-7).
126
Let h(l) = 36*l + 2. Determine h(-2).
-70
Let j(x) = x**3 + 13*x**2 + 3*x + 13. Give j(-13).
-26
Let f(v) = -v**2 - 5*v - 5. Determine f(-2).
1
Let h(f) = f**3 + f**2 - 6*f + 1. Determine h(0).
1
Let i(q) = -q - 21. Give i(-15).
-6
Let z(j) = 4*j + 52. Determine z(0).
52
Let b(z) = -3*z**2 + 2*z - 6. Determine b(0).
-6
Let l(c) = c**2 + 12*c + 16. What is l(-11)?
5
Let o(v) = -2*v + 22. Determine o(9).
4
Let m(b) = -12*b**3 - b + 2. Determine m(1).
-11
Let v(t) = 9*t**2 + 1. Give v(1).
10
Let t(n) = -n**2 - 10*n - 18. Give t(-4).
6
Let a(j) = j - 15. Determine a(7).
-8
Let o(b) = 2*b + 25. Calculate o(-17).
-9
Let y(h) = -h**3 + 5*h**2 + 8*h + 5. Calculate y(5).
45
Let b(x) = -x**3 - 30*x**2 + 33*x + 68. Calculate b(-31).
6
Let p(f) = f**3 - 6*f**2 + 2*f + 2. Calculate p(6).
14
Let u(v) = v**2 - 12*v + 10. Determine u(8).
-22
Let x(g) = -2*g - 21. Calculate x(-15).
9
Let t(m) = -m**2 - 21*m - 1. Determine t(-21).
-1
Let f(z) = z**3 + 9*z**2 + 5*z - 1. Determine f(-9).
-46
Let k(o) = -o**2 - 3*o + 10. Give k(-3).
10
Let a(o) = 11*o + 52. Calculate a(-5).
-3
Let p(c) = -c**2 + 24*c - 157. Give p(16).
-29
Let p(c) = -6*c + 17. What is p(14)?
-67
Let l(c) = 3*c**2. Determine l(-1).
3
Let y(k) = -k**3 - k**2 - 2*k - 11. What is y(0)?
-11
Let h(k) = -k**3 - 6*k**2